{"id":1683,"date":"2015-07-01T11:48:15","date_gmt":"2015-07-01T09:48:15","guid":{"rendered":"http:\/\/testrolland.justecordes.fr\/?product=ajutage-calibre"},"modified":"2025-04-03T13:44:59","modified_gmt":"2025-04-03T11:44:59","slug":"ajutage-calibre","status":"publish","type":"product","link":"https:\/\/rolland-sprinklers.com\/IRRIGATION\/produit\/ajutage-calibre\/","title":{"rendered":"Ajutage calibr\u00e9"},"content":{"rendered":"<p>Ce syst\u00e8me simple et efficace est la solution pour b\u00e9n\u00e9ficier des avantages de l&rsquo;irrigation goutte \u00e0 goutte et palier \u00e0 ses inconv\u00e9nients.<\/p>\n<p><strong>Avantages :<\/strong><\/p>\n<ul>\n<li>Tol\u00e9rance sur eaux charg\u00e9es<\/li>\n<li>Filtration simplifi\u00e9e<\/li>\n<li>Solidit\u00e9 des \u00e9metteurs laiton<\/li>\n<li>R\u00e9ponse \u00e0 des besoins en eau importants<\/li>\n<li>Adaptation \u00e0 des lignes longues<\/li>\n<li>Montage simple<\/li>\n<li>Faible co\u00fbt<\/li>\n<li>Large gamme de diam\u00e8tres<\/li>\n<\/ul>\n<p>Ce syst\u00e8me comprend l\u2019ajutage en laiton dont l\u2019orifice est tr\u00e8s pr\u00e9cis\u00e9ment calibr\u00e9 (usinage au 1\/100 de mm). Les diff\u00e9rents diam\u00e8tres d\u2019orifice permettent de r\u00e9pondre au d\u00e9bit d\u2019eau calcul\u00e9 dans le projet d\u2019irrigation (\u00d8 sp\u00e9ciaux nous consulter). Une bague en poly\u00e9thyl\u00e8ne sp\u00e9cialement \u00e9tudi\u00e9e pour assurer la distribution de l&rsquo;eau et prot\u00e9ger l&rsquo;ajutage des insectes et autres corps \u00e9trangers.<\/p>\n<p><strong>Utilisations :<\/strong><\/p>\n<ul>\n<li>Lorsque les conditions de sol, climat et plante n\u00e9cessitent l\u2019utilisation d\u2019irrigation localis\u00e9e<\/li>\n<li>Lorsque l&rsquo;installation de filtration est rudimentaire et que l&rsquo;eau n&rsquo;est pas totalement propre<\/li>\n<li>Lorsque les quantit\u00e9s d&rsquo;eau apport\u00e9es par un syst\u00e8me classique de goutte \u00e0 goutte se r\u00e9v\u00e8lent insuffisantes lors de demandes importantes par la plante (forte chaleur et vent)<\/li>\n<li>Lorsque les parties a\u00e9riennes de la plante ne doivent pas \u00eatre en contact direct avec l\u2019eau (maladies cryptogamiques et bact\u00e9riologiques)<\/li>\n<li>Lorsqu&rsquo;une grande souplesse de montage est demand\u00e9e et que les lignes \u00e0 arroser sont longues (variation du diam\u00e8tre des \u00e9metteurs sur la ligne)<\/li>\n<\/ul>\n<p><strong>Caract\u00e9ristiques techniques :<\/strong><\/p>\n<ul>\n<li>Pression de service : 0,5 \u00e0 1,5 bars<\/li>\n<li>Diam\u00e8tre : de 0,8 \u00e0 1,7 mm<\/li>\n<li>D\u00e9bit : de 14,16 \u00e0 92,40 l\/heure<\/li>\n<\/ul>\n<p><img data-recalc-dims=\"1\" decoding=\"async\" class=\"alignnone wp-image-4392\" src=\"https:\/\/i0.wp.com\/www.rolland-sprinklers.com\/IRRIGATION\/wp-content\/uploads\/2022\/03\/Telechargement-fiche-technique.png?resize=205%2C45&#038;ssl=1\" alt=\"\" width=\"205\" height=\"45\" srcset=\"https:\/\/i0.wp.com\/www.rolland-sprinklers.com\/IRRIGATION\/wp-content\/uploads\/2022\/03\/Telechargement-fiche-technique.png?resize=300%2C66&amp;ssl=1 300w, https:\/\/i0.wp.com\/www.rolland-sprinklers.com\/IRRIGATION\/wp-content\/uploads\/2022\/03\/Telechargement-fiche-technique.png?resize=18%2C4&amp;ssl=1 18w, https:\/\/i0.wp.com\/www.rolland-sprinklers.com\/IRRIGATION\/wp-content\/uploads\/2022\/03\/Telechargement-fiche-technique.png?w=366&amp;ssl=1 366w\" sizes=\"(max-width: 205px) 100vw, 205px\" \/> <a href=\"http:\/\/www.rolland-sprinklers.com\/Fichiers\/Irrigation\/Ajutage.pdf\" target=\"blank&quot;\" rel=\"noopener\">Fiche technique<\/a><\/p>\n<p><img data-recalc-dims=\"1\" decoding=\"async\" class=\"alignnone wp-image-4391\" src=\"https:\/\/i0.wp.com\/www.rolland-sprinklers.com\/IRRIGATION\/wp-content\/uploads\/2022\/03\/Telechargement-Fiche-commerciale.png?resize=203%2C44&#038;ssl=1\" alt=\"\" width=\"203\" height=\"44\" srcset=\"https:\/\/i0.wp.com\/www.rolland-sprinklers.com\/IRRIGATION\/wp-content\/uploads\/2022\/03\/Telechargement-Fiche-commerciale.png?resize=300%2C65&amp;ssl=1 300w, https:\/\/i0.wp.com\/www.rolland-sprinklers.com\/IRRIGATION\/wp-content\/uploads\/2022\/03\/Telechargement-Fiche-commerciale.png?resize=18%2C4&amp;ssl=1 18w, https:\/\/i0.wp.com\/www.rolland-sprinklers.com\/IRRIGATION\/wp-content\/uploads\/2022\/03\/Telechargement-Fiche-commerciale.png?resize=416%2C90&amp;ssl=1 416w, https:\/\/i0.wp.com\/www.rolland-sprinklers.com\/IRRIGATION\/wp-content\/uploads\/2022\/03\/Telechargement-Fiche-commerciale.png?w=570&amp;ssl=1 570w\" sizes=\"(max-width: 203px) 100vw, 203px\" \/> <a href=\"https:\/\/www.rolland-sprinklers.com\/IRRIGATION\/wp-content\/uploads\/2023\/05\/p47-pub-AJUTAGE-FR-V2.pdf\" target=\"_blank\" rel=\"noopener\">Documentation<\/a><\/p>\n","protected":false},"excerpt":{"rendered":"<p>Ce syst\u00e8me simple et efficace est la solution pour b\u00e9n\u00e9ficier des avantages de l&rsquo;irrigation goutte \u00e0 goutte et palier \u00e0 ses inconv\u00e9nients. Avantages : Tol\u00e9rance sur eaux charg\u00e9es Filtration simplifi\u00e9e Solidit\u00e9 des \u00e9metteurs laiton R\u00e9ponse \u00e0 des besoins en eau importants Adaptation \u00e0 des lignes longues Montage simple Faible co\u00fbt Large gamme de diam\u00e8tres Ce [&hellip;]<\/p>\n","protected":false},"featured_media":7873,"template":"","meta":[],"product_brand":[],"product_cat":[157,362],"product_tag":[],"class_list":{"0":"post-1683","1":"product","2":"type-product","3":"status-publish","4":"has-post-thumbnail","6":"product_cat-micro-aspersion-goutteur","7":"product_cat-produits-non-disponibles-en-ligne","9":"first","10":"outofstock","11":"taxable","12":"shipping-taxable","13":"purchasable","14":"product-type-simple"},"jetpack_sharing_enabled":true,"_links":{"self":[{"href":"https:\/\/rolland-sprinklers.com\/IRRIGATION\/wp-json\/wp\/v2\/product\/1683","targetHints":{"allow":["GET"]}}],"collection":[{"href":"https:\/\/rolland-sprinklers.com\/IRRIGATION\/wp-json\/wp\/v2\/product"}],"about":[{"href":"https:\/\/rolland-sprinklers.com\/IRRIGATION\/wp-json\/wp\/v2\/types\/product"}],"version-history":[{"count":5,"href":"https:\/\/rolland-sprinklers.com\/IRRIGATION\/wp-json\/wp\/v2\/product\/1683\/revisions"}],"predecessor-version":[{"id":7871,"href":"https:\/\/rolland-sprinklers.com\/IRRIGATION\/wp-json\/wp\/v2\/product\/1683\/revisions\/7871"}],"wp:featuredmedia":[{"embeddable":true,"href":"https:\/\/rolland-sprinklers.com\/IRRIGATION\/wp-json\/wp\/v2\/media\/7873"}],"wp:attachment":[{"href":"https:\/\/rolland-sprinklers.com\/IRRIGATION\/wp-json\/wp\/v2\/media?parent=1683"}],"wp:term":[{"taxonomy":"product_brand","embeddable":true,"href":"https:\/\/rolland-sprinklers.com\/IRRIGATION\/wp-json\/wp\/v2\/product_brand?post=1683"},{"taxonomy":"product_cat","embeddable":true,"href":"https:\/\/rolland-sprinklers.com\/IRRIGATION\/wp-json\/wp\/v2\/product_cat?post=1683"},{"taxonomy":"product_tag","embeddable":true,"href":"https:\/\/rolland-sprinklers.com\/IRRIGATION\/wp-json\/wp\/v2\/product_tag?post=1683"}],"curies":[{"name":"wp","href":"https:\/\/api.w.org\/{rel}","templated":true}]}}