{"id":1591,"date":"2015-06-19T15:41:27","date_gmt":"2015-06-19T15:41:27","guid":{"rendered":"http:\/\/testrolland.justecordes.fr\/?product=canon-51c-circulaire"},"modified":"2025-04-03T13:44:41","modified_gmt":"2025-04-03T11:44:41","slug":"canon-51c-circulaire","status":"publish","type":"product","link":"https:\/\/rolland-sprinklers.com\/IRRIGATION\/produit\/canon-51c-circulaire\/","title":{"rendered":"Canon 51C circulaire"},"content":{"rendered":"<p>Les canons ROLLAND, en version standard ou \u00e0 frein hydraulique, sont tr\u00e8s appr\u00e9ci\u00e9s pour leur r\u00e9partition d&rsquo;eau, leur tr\u00e8s longue port\u00e9e et surtout pour leur robustesse \u00e0 toutes \u00e9preuves.<br \/>\nLe grand choix de buses permet l&rsquo;adaptation \u00e0 diff\u00e9rente applications.<br \/>\nIl est particuli\u00e8rement conseill\u00e9 dans les zones de pente avec son contre poids.<br \/>\nUn mod\u00e8le en bronze marine peut \u00eatre command\u00e9 pour l&rsquo;\u00e9pandage d&rsquo;eau tr\u00e8s charg\u00e9es.<\/p>\n<p>Caract\u00e9ristiques techniques :<\/p>\n<ul>\n<li>\u00a0D\u00e9bit de 15 \u00e0 73 m3\/h<\/li>\n<li>Port\u00e9e de 33 \u00e0 58 m<\/li>\n<li>Pression de service de 4 \u00e0 8 bars<\/li>\n<li>Angle jet: 24\u00b0. * Filetage 2&Prime; femelle<\/li>\n<li>Mod\u00e8les disponibles :<br \/>\n51C (circulaire)<br \/>\n51CH (circulaire et frein hydraulique)<\/li>\n<\/ul>\n<p><img data-recalc-dims=\"1\" decoding=\"async\" class=\"alignnone wp-image-4392\" src=\"https:\/\/i0.wp.com\/www.rolland-sprinklers.com\/IRRIGATION\/wp-content\/uploads\/2022\/03\/Telechargement-fiche-technique.png?resize=205%2C45&#038;ssl=1\" alt=\"\" width=\"205\" height=\"45\" srcset=\"https:\/\/i0.wp.com\/www.rolland-sprinklers.com\/IRRIGATION\/wp-content\/uploads\/2022\/03\/Telechargement-fiche-technique.png?resize=300%2C66&amp;ssl=1 300w, https:\/\/i0.wp.com\/www.rolland-sprinklers.com\/IRRIGATION\/wp-content\/uploads\/2022\/03\/Telechargement-fiche-technique.png?resize=18%2C4&amp;ssl=1 18w, https:\/\/i0.wp.com\/www.rolland-sprinklers.com\/IRRIGATION\/wp-content\/uploads\/2022\/03\/Telechargement-fiche-technique.png?w=366&amp;ssl=1 366w\" sizes=\"(max-width: 205px) 100vw, 205px\" \/> <a href=\"http:\/\/www.rolland-sprinklers.com\/Fichiers\/Irrigation\/p35-51FR-DIST.pdf\" target=\"blank\" rel=\"noopener\">Fiche technique 51C\/51S<\/a><\/p>\n<p><img data-recalc-dims=\"1\" decoding=\"async\" class=\"alignnone wp-image-4393\" src=\"https:\/\/i0.wp.com\/www.rolland-sprinklers.com\/IRRIGATION\/wp-content\/uploads\/2022\/03\/Telechargement-Notice-de-montage.png?resize=203%2C44&#038;ssl=1\" alt=\"\" width=\"203\" height=\"44\" srcset=\"https:\/\/i0.wp.com\/www.rolland-sprinklers.com\/IRRIGATION\/wp-content\/uploads\/2022\/03\/Telechargement-Notice-de-montage.png?resize=300%2C65&amp;ssl=1 300w, https:\/\/i0.wp.com\/www.rolland-sprinklers.com\/IRRIGATION\/wp-content\/uploads\/2022\/03\/Telechargement-Notice-de-montage.png?resize=18%2C4&amp;ssl=1 18w, https:\/\/i0.wp.com\/www.rolland-sprinklers.com\/IRRIGATION\/wp-content\/uploads\/2022\/03\/Telechargement-Notice-de-montage.png?w=366&amp;ssl=1 366w\" sizes=\"(max-width: 203px) 100vw, 203px\" \/> <a href=\"http:\/\/www.rolland-sprinklers.com\/Fichiers\/Irrigation\/doc%20Canon%2051.pdf\" target=\"blank\" rel=\"noopener\">Notice technique 51C\/51S<\/a><\/p>\n<p><img data-recalc-dims=\"1\" decoding=\"async\" class=\"alignnone wp-image-4396\" src=\"https:\/\/i0.wp.com\/www.rolland-sprinklers.com\/IRRIGATION\/wp-content\/uploads\/2022\/03\/Telechargement-Vue-Eclate-300x65.png?resize=203%2C44&#038;ssl=1\" alt=\"\" width=\"203\" height=\"44\" srcset=\"https:\/\/i0.wp.com\/www.rolland-sprinklers.com\/IRRIGATION\/wp-content\/uploads\/2022\/03\/Telechargement-Vue-Eclate.png?resize=300%2C65&amp;ssl=1 300w, https:\/\/i0.wp.com\/www.rolland-sprinklers.com\/IRRIGATION\/wp-content\/uploads\/2022\/03\/Telechargement-Vue-Eclate.png?resize=18%2C4&amp;ssl=1 18w, https:\/\/i0.wp.com\/www.rolland-sprinklers.com\/IRRIGATION\/wp-content\/uploads\/2022\/03\/Telechargement-Vue-Eclate.png?w=366&amp;ssl=1 366w\" sizes=\"(max-width: 203px) 100vw, 203px\" \/><a href=\"https:\/\/www.rolland-sprinklers.com\/IRRIGATION\/wp-content\/uploads\/2023\/07\/Canon-51C-CH-1.pdf\" target=\"_blank\" rel=\"noopener\">Vue \u00e9clat\u00e9e 51C<\/a><\/p>\n<p>&nbsp;<\/p>\n","protected":false},"excerpt":{"rendered":"<p>Les canons ROLLAND, en version standard ou \u00e0 frein hydraulique, sont tr\u00e8s appr\u00e9ci\u00e9s pour leur r\u00e9partition d&rsquo;eau, leur tr\u00e8s longue port\u00e9e et surtout pour leur robustesse \u00e0 toutes \u00e9preuves. Le grand choix de buses permet l&rsquo;adaptation \u00e0 diff\u00e9rente applications. Il est particuli\u00e8rement conseill\u00e9 dans les zones de pente avec son contre poids. Un mod\u00e8le en [&hellip;]<\/p>\n","protected":false},"featured_media":8062,"template":"","meta":[],"product_brand":[],"product_cat":[158,362],"product_tag":[],"class_list":{"0":"post-1591","1":"product","2":"type-product","3":"status-publish","4":"has-post-thumbnail","6":"product_cat-canons","7":"product_cat-produits-non-disponibles-en-ligne","9":"first","10":"outofstock","11":"taxable","12":"shipping-taxable","13":"purchasable","14":"product-type-simple"},"jetpack_sharing_enabled":true,"_links":{"self":[{"href":"https:\/\/rolland-sprinklers.com\/IRRIGATION\/wp-json\/wp\/v2\/product\/1591","targetHints":{"allow":["GET"]}}],"collection":[{"href":"https:\/\/rolland-sprinklers.com\/IRRIGATION\/wp-json\/wp\/v2\/product"}],"about":[{"href":"https:\/\/rolland-sprinklers.com\/IRRIGATION\/wp-json\/wp\/v2\/types\/product"}],"version-history":[{"count":5,"href":"https:\/\/rolland-sprinklers.com\/IRRIGATION\/wp-json\/wp\/v2\/product\/1591\/revisions"}],"predecessor-version":[{"id":8068,"href":"https:\/\/rolland-sprinklers.com\/IRRIGATION\/wp-json\/wp\/v2\/product\/1591\/revisions\/8068"}],"wp:featuredmedia":[{"embeddable":true,"href":"https:\/\/rolland-sprinklers.com\/IRRIGATION\/wp-json\/wp\/v2\/media\/8062"}],"wp:attachment":[{"href":"https:\/\/rolland-sprinklers.com\/IRRIGATION\/wp-json\/wp\/v2\/media?parent=1591"}],"wp:term":[{"taxonomy":"product_brand","embeddable":true,"href":"https:\/\/rolland-sprinklers.com\/IRRIGATION\/wp-json\/wp\/v2\/product_brand?post=1591"},{"taxonomy":"product_cat","embeddable":true,"href":"https:\/\/rolland-sprinklers.com\/IRRIGATION\/wp-json\/wp\/v2\/product_cat?post=1591"},{"taxonomy":"product_tag","embeddable":true,"href":"https:\/\/rolland-sprinklers.com\/IRRIGATION\/wp-json\/wp\/v2\/product_tag?post=1591"}],"curies":[{"name":"wp","href":"https:\/\/api.w.org\/{rel}","templated":true}]}}